i + 2/1 + -2. Let d = -65739 + 65772. Calculate the greatest common factor of j and d.
11
Suppose 13*u + o + 4166 = 18*u, -4*u - 4*o + 3352 = 0. Suppose 3*l - 1362 = -u. Calculate the highest common factor of 32 and l.
16
Suppose -276*k + 282*k = 2298. Suppose -5*y - 353 = -k. What is the highest common divisor of 22 and y?
2
Let n(l) = 11*l + 409. Let o be n(-27). What is the greatest common divisor of 40 and o?
8
Suppose 9952 = 120*p + 4494 - 48542. Calculate the greatest common factor of p and 850.
50
Let k(q) = 2*q**3 + 3*q**2 - 10*q + 14. Let g be k(3). Let p be (-6)/(-27) + (-43)/(-9). What is the highest common factor of p and g?
5
Let k(c) = c**3 - 19*c**2 + 31*c - 176. Let p be k(18). What is the greatest common divisor of 1769 and p?
29
Suppose 5*q - 5*j - 2334 = -769, -5 = j. Suppose 4*y = -5*a + 236, y = -5*a + 101 + 168. What is the highest common divisor of a and q?
28
Let f(v) = v - 65 - 2 + 5*v. Let k be f(13). What is the highest common factor of k and 143?
11
Let h(n) = n**2 + 111*n + 4312. Let m be h(-114). What is the highest common factor of 26 and m?
26
Let u = 12 + 18. Suppose 5*i = 3*b - 7*b + 16, -4*i = 5*b - 11. Suppose -i*o - 5*o = -180. Calculate the greatest common factor of u and o.
10
Let b = -32 - -101. Let t = -148 + 128. Let z be 46 - 43 - (t - 0). Calculate the greatest common divisor of b and z.
23
Suppose -1249 - 1361 = -29*d. Let r = 274 + d. What is the greatest common factor of 7 and r?
7
Suppose -14*s = -2591 - 13369. Calculate the greatest common factor of 475 and s.
95
Suppose i = 4*i - 288. Let p = 6036 + -6012. Calculate the greatest common divisor of i and p.
24
Suppose -31*c = 2*u - 28*c - 63, 4*u - 61 = 7*c. Calculate the highest common divisor of u and 702.
6
Suppose -3*v - 5*s = -365, 0 = -2*s - 0*s - 10. What is the greatest common factor of 78 and v?
26
Let i be 183/(-122) + 10486/4. Calculate the highest common factor of i and 20.
20
Let b(r) = 9*r + 23. Let z(w) = -8*w - 24. Let g(k) = -4*b(k) - 5*z(k). Let s be g(-5). What is the greatest common divisor of 40 and s?
8
Suppose 44*f + 25048 = 145*f. What is the highest common divisor of f and 186?
62
Let i(l) = -l**3 - 10*l**2 - 20*l - 21. Let p be i(-9). Suppose -7*r = -r - p. Let g = 8 + r. What is the highest common factor of g and 3?
3
Let o(s) = -s**2 - 68. Let l be o(17). Let p = l + 422. Calculate the highest common divisor of 117 and p.
13
Suppose -87*q = -85*q - 266. What is the highest common factor of 350 and q?
7
Suppose -115 = -4*p + 2*i - 5, -p + 26 = -i. Let r = p - 11. Let m be (405/36)/(3 - 22/8). Calculate the highest common divisor of m and r.
9
Suppose 88*c + 192*c = 2590840. Calculate the highest common factor of c and 114.
19
Let h(s) = -s**2 - 28*s - 21. Let k be h(-27). Suppose 0 = -k*o + 16 - 4. Suppose -o*w + 21 = -3. Calculate the greatest common factor of 54 and w.
6
Let i be ((-3)/12)/(2/8) + 77. Let v be 2*i/(-10) + (-3)/(-15). Let u be 110/(-3)*(0 - (-18)/v). Calculate the greatest common factor of 11 and u.
11
Let f = 1465 + -1374. What is the greatest common divisor of 936 and f?
13
Suppose -10*g = 2*l - 9*g + 29, -l - 4*g + 3 = 0. Let d = l - -38. What is the highest common divisor of 77 and d?
7
Let x(s) = -s**3 - 17*s**2 - 3*s + 39. Let o be x(-16). Let b = o + 189. Calculate the highest common divisor of b and 5.
5
Let g = 244 - -1094. What is the greatest common divisor of g and 6?
6
Suppose 0 = -2*u - 2*u - 12, 0 = 4*x - 3*u - 1001. Suppose -3*l = 5*b - x, 2*l + 3*b - 2*b = 177. Calculate the greatest common divisor of 13 and l.
13
Suppose 82*d + 13392 = 98*d. Calculate the greatest common factor of 6 and d.
3
Let t(v) = 4833*v + 38676. Let c be t(-8). Suppose -3*x - 10 - 2 = 0. Let u be 5 - 3 - x/2. What is the highest common divisor of u and c?
4
Suppose 0 = 4*k - 5*u - 431, -2*k - 3*u - 219 = -4*k. What is the greatest common factor of k and 913?
11
Let b(n) = -n**2 + 22*n - 16. Let m be b(4). Calculate the greatest common divisor of 756 and m.
28
Let a(u) = 39*u - 6. Let o be a(5). Suppose 0*c - o = -7*c. Suppose 4*z = c + 13. What is the greatest common factor of z and 50?
10
Suppose 44*w - 4 = 40*w. Let n be 11*10*(9 - 8/w). What is the greatest common factor of n and 22?
22
Suppose 0 = -b - i + 23, 4*b + 10*i - 12*i = 134. What is the greatest common divisor of 885 and b?
15
Let m = 100 + 82. Let v be (-13)/(m/4) - (-363)/21. Calculate the greatest common factor of 1003 and v.
17
Let s be 111/2775 + 73198/50. Calculate the highest common divisor of s and 183.
183
Suppose -3*a + 2*r = 6*r - 2436, 2*a - 4*r = 1644. Calculate the greatest common factor of a and 102.
102
Let z(x) = 326*x + 4019. Let h be z(-12). Calculate the greatest common divisor of h and 30281.
107
Let u(y) = y**2 - 20*y - 31. Suppose 39*n + 3 = 42*n. Let g be n/((-9)/36 - 66/(-232)). Let x be u(g). Calculate the highest common divisor of 46 and x.
46
Suppose 5*m + 2*l - 160 = 0, -5*m = 7*l - 11*l - 160. Let c(v) = 24*v**2. Let s be c(-1). Calculate the greatest common factor of s and m.
8
Let h be 110/(-3)*-4*36/120. Calculate the greatest common factor of h and 5764.
44
Suppose b = 5*b - 5*z - 946, -4*b - 3*z = -962. Suppose 4*d = -5*n - b, -3*n + 4*d = -d + 173. Let u = -49 - n. What is the highest common factor of u and 1?
1
Let l = 257 + -243. Let o = l + 96. Calculate the highest common divisor of o and 44.
22
Let l be (672/(-9))/((-15)/((-270)/(-12))). What is the greatest common divisor of 112 and l?
112
Suppose -4*z - 465 = 35. Let n = 233 + z. What is the greatest common factor of n and 48?
12
Suppose 3*o = -2*o + 40*o - 17290. What is the greatest common divisor of o and 962?
26
Let o be ((-1 - -5) + -5)/((-4)/104). Calculate the highest common factor of 12038 and o.
26
Let p(q) = -2*q + 2*q - 1117 - 8*q - 7*q + q**2 + 1198. Let a be p(9). What is the highest common factor of 3 and a?
3
Suppose -2*b = r - 37, b = 4*r + 57 - 187. Let f(l) be the first derivative of 16*l**2 + l - 3. Let o be f(1). Calculate the highest common factor of r and o.
33
Let u = 2013 - 1636. What is the highest common factor of u and 936?
13
Suppose -2*t + 33 = -55. Let w be (-4)/t*-438 + 8/44. What is the greatest common divisor of 440 and w?
40
Let c = -5319 - -5421. Calculate the greatest common divisor of 1241 and c.
17
Let q(i) = -14*i + 237. Let o be q(17). Let y be (o - -5) + 1208/28*7. Calculate the greatest common divisor of 36 and y.
18
Let s be (-315)/28*5/((-60)/112). Let q be (-182)/(-78)*(4/2 - -16). Calculate the greatest common factor of s and q.
21
Let k(p) = 8*p - 261. Let i be k(0). Let h = -181 - i. What is the highest common divisor of h and 96?
16
Let w = 76 + -33. Let z = 63 - w. Suppose 0 = -259*p + 85*p + 24360. Calculate the highest common factor of p and z.
20
Let x = -25150 + 54734. What is the greatest common divisor of x and 32?
16
Let w be (-4 - (-51)/6)*4/3. Let n(k) = -k**2 - 11*k + 13. Let s be n(w). Let t = s + 102. What is the greatest common factor of t and 195?
13
Suppose 55333 + 3900 = 85*s - 11487. What is the greatest common factor of s and 1066?
26
Let r be (50/8 + -8)/((-11)/44). Let k = 5 + -8. Let v be 14/k*84/(-8). What is the highest common divisor of r and v?
7
Let a(r) = -r**3 - 18*r**2 + 87*r - 5. Suppose -4*n = -4*z + 76, 13*n - 17*n - 5*z = 103. Let o be a(n). Calculate the highest common divisor of 901 and o.
17
Suppose 4*w = -7*w. Suppose w = -4*o + 20, 0 = 2*t + 5*o - 5 - 16. Let y be (-1 - 410/(-14)) + t/7. Calculate the highest common divisor of 70 and y.
14
Suppose -6708 = -26*u + 7592. Calculate the highest common factor of u and 88.
22
Let p(m) be the third derivative of m**5/60 + 3*m**4/8 - 55*m**3/6 - m**2. Let s be p(-17). Calculate the highest common divisor of 45 and s.
9
Suppose 2*q + 8*b = 10*b + 176, 2*b = 5*q - 443. Suppose -q = -6*k + 61. What is the greatest common divisor of 1 and k?
1
Let y = 120 + -118. Suppose 25 = g + p, -7*p - 1 = -g - y*p. What is the greatest common factor of 12 and g?
3
Let c = 7766 + -5798. Calculate the greatest common factor of c and 72.
24
Let x be 6/81*3 + (-2881823)/(-1071). Calculate the greatest common factor of 52 and x.
13
Suppose -2*x + x + 10 = 0. Let q(p) = p**2 - 8*p - 31. Let u be q(18). Suppose -u = -n - 144. What is the greates